{"id":168,"date":"2011-05-25T20:12:06","date_gmt":"2011-05-25T18:12:06","guid":{"rendered":"http:\/\/xn--miekekrger-kcb.de\/wordpress\/?page_id=168"},"modified":"2016-05-28T20:56:10","modified_gmt":"2016-05-28T18:56:10","slug":"presse","status":"publish","type":"page","link":"http:\/\/xn--miekekrger-kcb.de\/?page_id=168","title":{"rendered":"Presse"},"content":{"rendered":"<h4>Einige ausgew\u00e4hlte Meldungen aus TV, Zeitungen, Zeitschriften und dem Internet<\/h4>\n<ul>\n<li><a href=\"http:\/\/www.radsport-news.com\/sport\/sportnews_90855.htm\" target=\"_blank\">radsport-news.com, 27.12.14: Zeitfahr-Ass schafft den internationalen Durchbruch<\/a><\/li>\n<li><a href=\"http:\/\/www.westfalen-blatt.de\/OWL\/Lokalsport\/Bielefeld\/Lokalsport-Bielefeld2\/1804233-Bielefelds-Radsport-Ass-Mieke-Kroeger-hat-den-internationalen-Durchbruch-geschafft-Ich-bin-immer-noch-die-Mieke\" target=\"_blank\">Westfalen-Blatt, 29.11.14: \u201eich bin immer noch die Mieke\u201d<\/a><\/li>\n<li><a href=\"http:\/\/www.nw.de\/sport\/bielefeld\/lokalsport_bielefeld\/11314934_Kroeger-faehrt-im-Konzert-der-Grossen-mit.html\" target=\"_blank\">Neue Westf\u00e4lische: Kr\u00f6ger f\u00e4hrt im Konzert der Gro\u00dfen mit<\/a><\/li>\n<li><a href=\"http:\/\/www.nw-news.de\/sport\/lokalsport\/sport_bielefeld\/lokalsport_bielefeld\/7142950_Mieke_Kroeger_Zweite_bei_Wahl_zum_Juniorsportler_des_Jahres.html\" target=\"_blank\">Neue Westf\u00e4lische:\u00a0Mieke Kr\u00f6ger Zweite bei Wahl zum &#8222;Juniorsportler des Jahres&#8220;<\/a><\/li>\n<li><a href=\"http:\/\/www.muax.de\/index.php?option=com_content&amp;task=view&amp;id=810&amp;Itemid=5\">Muax-TV: Mieke live on TV von der 3. Etappe der 25. Internationalen Th\u00fcringen-Rundfahrt \ud83d\ude09<\/a><\/li>\n<li><a href=\"http:\/\/www.nw-news.de\/sport\/lokalsport\/sport_bielefeld\/lokalsport_bielefeld\/6766041_Spanien_statt_London.html\" target=\"_blank\">Neue Westf\u00e4lische: Spanien statt London<\/a><\/li>\n<li><a href=\"http:\/\/www.hannover.1730sat1.de\/sport-videos.html?&amp;cHash=86a33c84cc7fe367fccd6a34cdb564db&amp;tx_ttnews%5BbackPid%5D=226&amp;tx_ttnews%5Btt_news%5D=85235\">SAT1 Lokalfenster Niedersachsen: Mieke beim Bremer Sechstagerennen<\/a><\/li>\n<li><a href=\"http:\/\/www.wdr.de\/mediathek\/html\/regional\/2011\/12\/07\/lokalzeit-owl-bahnrad-meisterin.xml\" target=\"_blank\">WDR 3 TV, Aktuelle Stunde, 7.12.2011, Fenster OWL: Bericht \u00fcber Mieke<\/a><\/li>\n<li><a href=\"http:\/\/www.westfalen-blatt.de\/nachricht\/2011-08-24-schlaflos-in-moskau\/?tx_ttnews%5Bswords%5D=mieke%20kr\u00f6ger&amp;cHash=95394fe92a2ae06d0da1073108d25902\" target=\"_blank\">\u201eSchlaflos in Moskau\u201c \u2013 Bericht aus dem Westfalenblatt vom 24.8.2011<\/a><\/li>\n<li><a href=\"http:\/\/www.nw-news.de\/sport\/lokalsport\/sport_bielefeld\/lokalsport_bielefeld\/4882278_Ich_kann_es_immer_noch_nicht_glauben.html\" target=\"_blank\">Neue Westf\u00e4lische, 24.8.2011: \u201eIch kann es immer noch nicht glauben\u201c<\/a><\/li>\n<li><a href=\"http:\/\/www.nw-news.de\/sport\/lokalsport\/sport_bielefeld\/lokalsport_bielefeld\/4628031_Kroeger_sprintet_zum_DM-Gold_auf_der_Strasse.htmlhttp:\/\/www.westfalen-blatt.de\/index.php?id=618&amp;tx_ttnews\" target=\"_blank\">Neue Westf\u00e4lische, 27.6.2011: \u201eKr\u00f6ger sprintet zum DM-Gold auf der Stra\u00dfe\u201c<\/a><\/li>\n<li><a href=\"http:\/\/www.nw-news.de\/sport\/lokalsport\/sport_bielefeld\/lokalsport_bielefeld\/4523305_Die_Schnellste_am_Berg.html\" target=\"_blank\">Neue Westf\u00e4lische, 25.5.2011: \u201eDie Schnellste am Berg\u201c<\/a><\/li>\n<li><a href=\"http:\/\/www.rad-net.de\/modules.php?name=radnews&amp;pgID_Newsticker=1&amp;newsid=23118\" target=\"_blank\">Rad-net, 5.5.2011: \u201ePaukenschlag in Frankfurt: Mieke Kr\u00f6ger mit Bahnrekord\u201c<\/a><\/li>\n<\/ul>\n","protected":false},"excerpt":{"rendered":"<p>Einige ausgew\u00e4hlte Meldungen aus TV, Zeitungen, Zeitschriften und dem Internet radsport-news.com, 27.12.14: Zeitfahr-Ass schafft den internationalen Durchbruch Westfalen-Blatt, 29.11.14: \u201eich bin immer noch die Mieke\u201d Neue Westf\u00e4lische: Kr\u00f6ger f\u00e4hrt im Konzert der Gro\u00dfen mit Neue Westf\u00e4lische:\u00a0Mieke Kr\u00f6ger Zweite bei Wahl zum &#8222;Juniorsportler des Jahres&#8220; Muax-TV: Mieke live on TV von der 3. Etappe der 25. Internationalen Th\u00fcringen-Rundfahrt \ud83d\ude09 Neue Westf\u00e4lische: <a class=\"more-link\" href=\"http:\/\/xn--miekekrger-kcb.de\/?page_id=168\">weiterlesen &#8230;<\/a><\/p>\n","protected":false},"author":1,"featured_media":0,"parent":2771,"menu_order":5,"comment_status":"closed","ping_status":"closed","template":"","meta":{"footnotes":""},"_links":{"self":[{"href":"http:\/\/xn--miekekrger-kcb.de\/index.php?rest_route=\/wp\/v2\/pages\/168"}],"collection":[{"href":"http:\/\/xn--miekekrger-kcb.de\/index.php?rest_route=\/wp\/v2\/pages"}],"about":[{"href":"http:\/\/xn--miekekrger-kcb.de\/index.php?rest_route=\/wp\/v2\/types\/page"}],"author":[{"embeddable":true,"href":"http:\/\/xn--miekekrger-kcb.de\/index.php?rest_route=\/wp\/v2\/users\/1"}],"replies":[{"embeddable":true,"href":"http:\/\/xn--miekekrger-kcb.de\/index.php?rest_route=%2Fwp%2Fv2%2Fcomments&post=168"}],"version-history":[{"count":18,"href":"http:\/\/xn--miekekrger-kcb.de\/index.php?rest_route=\/wp\/v2\/pages\/168\/revisions"}],"predecessor-version":[{"id":3025,"href":"http:\/\/xn--miekekrger-kcb.de\/index.php?rest_route=\/wp\/v2\/pages\/168\/revisions\/3025"}],"up":[{"embeddable":true,"href":"http:\/\/xn--miekekrger-kcb.de\/index.php?rest_route=\/wp\/v2\/pages\/2771"}],"wp:attachment":[{"href":"http:\/\/xn--miekekrger-kcb.de\/index.php?rest_route=%2Fwp%2Fv2%2Fmedia&parent=168"}],"curies":[{"name":"wp","href":"https:\/\/api.w.org\/{rel}","templated":true}]}}